 prime factors of y.
41
Let a = -5 - -1. Suppose -2*j + 2*r - 26 = -3*j, r - 4 = 0. Let o = a + j. List the prime factors of o.
2, 7
Suppose -12*g + 6 = -10*g. Suppose 12 = g*r - r. What are the prime factors of r?
2, 3
Let v = -1416 - -2811. What are the prime factors of v?
3, 5, 31
Suppose -42*d + 44*d = l + 2907, -2*d - 2*l + 2904 = 0. What are the prime factors of d?
1453
Suppose -5 = -3*f - 14. What are the prime factors of (1/f)/((-7)/294)?
2, 7
Let j = 19 + 39. List the prime factors of j.
2, 29
Suppose 2*t = 3*q + 169 - 38, -5*t + 317 = 3*q. Suppose 5*p - 126 = -4*s, 2*s - 4*s + t = 2*p. What are the prime factors of s?
2, 17
Let k = 4651 + -3159. What are the prime factors of k?
2, 373
Let r = -100 - -108. What are the prime factors of (-20905)/(-105) + r/(-84)?
199
Let a(z) = -15*z**3 - 4*z**2 + 10*z + 25. What are the prime factors of a(-6)?
3061
Let u(m) = 11*m**2 + 1. Let h(v) = v + 5. Let t be h(-8). What are the prime factors of u(t)?
2, 5
Let l be (-164)/(-14) + 4/14. Let r = 490 - 477. Suppose -l*h + r*h = 28. What are the prime factors of h?
2, 7
Let w = 21 - 7. Suppose 299 = 3*z + w. List the prime factors of z.
5, 19
Let c be (2 + (-2 - 0))/3. Suppose x + x - 50 = c. Let j = 43 - x. List the prime factors of j.
2, 3
Suppose 5*p - 594 = 966. Suppose 5*b = -5*g + 810, -3*g + g + b + p = 0. List the prime factors of g.
2, 79
Suppose 7453 + 1763 = 8*w. What are the prime factors of w?
2, 3
Suppose 0*a = -5*o - 3*a + 1736, -2*a = 3*o - 1041. List the prime factors of o.
349
Suppose -2*s - 2*d = 42, s + 1 = 3*d - 16. Let n be (5 + -1)*(-615)/s. Suppose 0 = 6*c - 3*c - n. List the prime factors of c.
41
Suppose -130*k + 124*k + 24 = 0. Let s = 5 + -3. Suppose 0 = -q + k*q - 5*t - 110, t = -s*q + 56. What are the prime factors of q?
2, 3, 5
Let a(x) = 6*x**3 + x**3 + x - 6*x**3 + 7 - x**2 + 0*x**2. List the prime factors of a(4).
59
Suppose 4*a - 5*a = -3*w - 376, 3*a - 1188 = -3*w. What are the prime factors of a?
17, 23
Suppose -2*u - 5*y = 3*u, -2*u + 14 = -5*y. Suppose -3*k - 3 - 3 = 0, -4*k = u*q - 4. What are the prime factors of q?
2, 3
Let x(q) = 73*q**2 - 3*q + 7. List the prime factors of x(2).
293
Let a = -24 + 24. Let j be a + 0 + 2/(-2). What are the prime factors of (180/24)/(j/(-2))?
3, 5
Suppose 114189 = 46*z - 11207. List the prime factors of z.
2, 29, 47
List the prime factors of (54/90)/(1/6935).
3, 19, 73
Let x be -5*(12/5 - 3). Suppose 0 = x*b + o - 340, -o - 2*o - 462 = -4*b. List the prime factors of b.
2, 3, 19
Suppose -5 = 5*a, -3*r - 4*a - 20 = -121. Let m be 14/r + 28/5. Suppose m*b = 3*b + 12. List the prime factors of b.
2
List the prime factors of (-4727)/(-5) - (-69)/115.
2, 11, 43
Suppose -2*s = 3*s. Suppose 4*p - 5*r - 138 = s, 0*r = p - 4*r - 40. List the prime factors of p.
2
Suppose 60 = -n + 11*n. Suppose -n*c + 9*c - 774 = 0. List the prime factors of c.
2, 3, 43
Let c be -3*296*(0 + (-3)/9). Let o = c + -191. List the prime factors of o.
3, 5, 7
Let h = -742 - -2174. What are the prime factors of h?
2, 179
Suppose -o - 27 = -4*n, -5*n + 21 = -n + o. Suppose -n*r + 2*r = 52. Let w = -7 - r. What are the prime factors of w?
2, 3
Suppose 518 = 5*v - 27. Suppose 2*g - 3*n + 7*n - 118 = 0, 0 = 2*g + n - v. Suppose 0 = -3*r - 3*c + 99, -r - c = -4*c - g. List the prime factors of r.
2, 19
Suppose 0 = -7*k + 37 + 12. Suppose -4*z = -k*z + 267. List the prime factors of z.
89
List the prime factors of ((-224)/(-4))/(-8) - -1348.
3, 149
Suppose 111 = -2*c + x, 0 = 5*x - x + 12. Let k be (-1)/(3 - (-174)/c). Suppose -2*u + 5*f = -k - 0, 3*f = u - 10. What are the prime factors of u?
7
Let n = 2261 - 1959. List the prime factors of n.
2, 151
Suppose -3635 = -25*y + 20*y. What are the prime factors of y?
727
Let s(b) be the second derivative of 83*b**3/6 + 9*b**2/2 - 10*b. List the prime factors of s(1).
2, 23
Let y(s) = -s**3 + 32*s**2 + 34*s - 21. What are the prime factors of y(33)?
2, 3
Let w = 35 + -34. What are the prime factors of -1*(-42 + w + 0) + 0?
41
Let k = -1553 + 651. What are the prime factors of (1 + k/(-6))*(-18)/(-12)?
227
What are the prime factors of ((-176)/(-24))/(6/153)?
11, 17
Let c = 2 - -10. Let x(y) = y**3 - 13*y**2 + 7*y + 14. Let v be x(c). Let l = v - -92. List the prime factors of l.
2, 23
Suppose -214*x - 1400 = -219*x. What are the prime factors of x?
2, 5, 7
Let y(t) be the second derivative of t**4/12 - t**3/6 - 9*t**2/2 + t. List the prime factors of y(9).
3, 7
Let v(i) = 0*i + 4 - 21*i**3 + 22*i**3 - i**2 + 8 + 3*i. List the prime factors of v(5).
127
Let z = 18 + -16. Let q be (195/6)/(4/8). Suppose 0 = -2*p - z, 56 + q = 4*s - p. What are the prime factors of s?
2, 3, 5
Suppose 12*m = 10*m - 6. Let r = m + 105. What are the prime factors of r?
2, 3, 17
Suppose -3*h + 9 = 3. Let t(w) = -2*w**3 - w**2 + 3*w + 3. Let y be t(-2). Suppose -h*p = -y - 95. What are the prime factors of p?
2, 13
Let s = -36 + 37. What are the prime factors of (2 + -2 - -3 - -101)/s?
2, 13
Suppose -37 = 5*p - 132. Suppose 4*m - 28 = 4*g, 5*m + 0 = -3*g + p. Suppose -3*c + m*k + 104 = 0, -3*k - 31 = -c + 9. What are the prime factors of c?
2, 7
Let p(w) = w**2 - 21*w + 39. Let t be p(19). List the prime factors of t/(-2)*-4*(-338)/(-4).
13
Let d(p) = 15*p - 15. Let b be d(4). Let o = b + -31. Suppose -11 = -v + o. What are the prime factors of v?
5
Suppose i + 2*m - 236 = 0, 0*m + 9 = -3*m. List the prime factors of i.
2, 11
Suppose -5*d - 29 = -2*r, 5*r - 2*d + 0 = 20. Suppose 0 = -r*v + 91 - 371. What are the prime factors of ((-4)/10)/(4/v)?
2, 7
Let n(f) be the second derivative of f**4/12 + 4*f**3/3 - 9*f. Let y be n(-4). What are the prime factors of (y/(-12))/((-4)/(-6))?
2
Suppose -5*j = -3*j - 12. Let n = 5 - j. What are the prime factors of (0 - -1)/(n/(-22))?
2, 11
List the prime factors of -9*(20/45)/(-2).
2
Let f = -7 + 7. What are the prime factors of 15*(-2 + 6) + f?
2, 3, 5
Let k(f) = 7*f + 1. Let q be k(-13). Let p be (-48)/(-10)*q/(-4). Suppose -5*g = -9*g + p. What are the prime factors of g?
3
Suppose -2*c = -7*j + 11*j - 2340, j = 5*c - 5872. List the prime factors of c.
2, 587
Let a = 41 - 43. What are the prime factors of (243 - -2) + ((-8)/2)/a?
13, 19
Suppose -22*h + 7*h + 2505 = 0. Suppose h = 2*j - 15. What are the prime factors of j?
7, 13
Suppose x = -3*b - 395, -3 - 5 = 4*x. Let c = b - -218. What are the prime factors of c?
3, 29
Let x = 184 + 147. List the prime factors of x.
331
Let a = 21 + -10. Let u(l) = -7*l - 2*l + a*l. What are the prime factors of u(12)?
2, 3
Suppose -5*f + 19396 = -3*q, -9584 = -5*f + q + 9808. List the prime factors of f.
2, 7, 277
Suppose -2*v = -7*v + 10. Suppose 5*b + 5*u = 145, -4*u + 6 + 2 = 0. Suppose i = v*i - b. What are the prime factors of i?
3
Let h(b) = -3 + b**2 - b - 1 - 5 + 4. Let l be h(3). What are the prime factors of 29 - (2 + l)/3?
2, 7
Let b = -26 - -59. Suppose -4 - b = -l. What are the prime factors of l?
37
Let w = -154 + 92. Let n = -39 - w. What are the prime factors of n?
23
Suppose 5*j - 32 = -2*s, j - 2*s - 1 = 3*s. Let r = -1 + 4. List the prime factors of 88/j + (-2)/r.
2, 7
Let r(x) = -x**2 - x. Let p be r(-1). Suppose -4*d = -16, -3*k + p*k + 2*d - 2 = 0. What are the prime factors of 36 - (-9)/(k + 1)?
3, 13
Let c be 30/4 - 9/18. Let w(n) be the first derivative of n**4/4 - 8*n**3/3 + 5*n**2 - 2*n - 6. What are the prime factors of w(c)?
19
Suppose -2*l + 6 = 3*t, -12 = -2*t - 7*l + 3*l. Suppose t = -2*q + 77 + 67. Suppose 0 = -4*g + 3*y + q, 4 - 22 = -g - y. List the prime factors of g.
2, 3
Let c be -1 + -2*(-2)/1. Suppose -c*l - 54 = -v, 2*v - 210 = -3*v + 3*l. Let p = v + 13. List the prime factors of p.
2, 13
Let h be (1 - (1 + 0))/(-3). Suppose h*p = 2*p - 106. What are the prime factors of p?
53
Let k = 1686 - 1165. List the prime factors of k.
521
Let q(z) = 42*z**2 - 21*z - 10. List the prime factors of q(-5).
5, 229
Let b be (-3)/(-9) + (-1)/(3/(-1469)). Suppose 0 = 5*f - 395 - b. What are the prime factors of f?
3, 59
Let d(p) = -40*p. What are the prime factors of d(-5)?
2, 5
Let i(k) = -7*k + 7. Let r = 13 - 21. Let s be i(r). Let h = s + -36. List the prime factors of h.
3
Suppose 4*w = -2*x + 22518, -4*w - x = -20624 - 1897. What are the prime factors of w?
3, 1877
Suppose -4*q + 1